{"id":5502,"date":"2019-12-05T19:16:17","date_gmt":"2019-12-06T01:16:17","guid":{"rendered":"https:\/\/misiondeamor.com.mx\/tienda\/?post_type=product&#038;p=5502"},"modified":"2019-12-05T22:16:20","modified_gmt":"2019-12-06T04:16:20","slug":"donativo-como-suscriptor","status":"publish","type":"product","link":"https:\/\/misiondeamor.com.mx\/tienda\/producto\/donativo-como-suscriptor\/","title":{"rendered":"donativo como suscriptor"},"content":{"rendered":"<p>Mes a mes ay\u00fadanos a poner el Amor en primer lugar, este es el primer nivel de ayuda, sabemos que tu semilla poco a poco florecer\u00e1.<\/p>\n<p>Tu apoyo econ\u00f3mico nos permite continuar la Misi\u00f3n de Amor, produciendo videos y publicaciones y as\u00ed guiar a las personas a que les cuesta dar el paso de amar, para que <strong>pongan pie firme en el Amor de Dios para dar el paso de Amar al pr\u00f3jimo y a si mismas.<\/strong><\/p>\n<p>&nbsp;<\/p>\n","protected":false},"excerpt":{"rendered":"<p>Ay\u00fadanos a poner el Amor en primer lugar.<\/p>\n<p>Con tu donativo mensual,\u00a0 recibe el bolet\u00edn de Misi\u00f3n de Amor.- \u201cLa palabra\u201d es una gu\u00eda semanal para el desarrollo de la espiritualidad en tu vida<\/p>\n<p><span style=\"color: #ff0000;\"><strong>Aprox.:<\/strong> USD$ [convert number=100.00 from=\"mxn\" to=\"usd\"]<\/span><br \/>\n<span style=\"color: #ff0000;\">EUR \u20ac [convert number=100.00 from=\"mxn\" to=\"eur\"]\u00a0<\/span><\/p>\n","protected":false},"featured_media":6675,"comment_status":"open","ping_status":"closed","template":"","meta":{"om_disable_all_campaigns":false,"_monsterinsights_skip_tracking":false,"_monsterinsights_sitenote_active":false,"_monsterinsights_sitenote_note":"","_monsterinsights_sitenote_category":0,"_uf_show_specific_survey":0,"_uf_disable_surveys":false},"product_brand":[],"product_cat":[172],"product_tag":[],"class_list":{"0":"post-5502","1":"product","2":"type-product","3":"status-publish","4":"has-post-thumbnail","6":"product_cat-donativo","8":"first","9":"instock","10":"virtual","11":"sold-individually","12":"purchasable","13":"product-type-simple"},"wppr_data":[],"yoast_head":"<!-- This site is optimized with the Yoast SEO plugin v26.1.1 - https:\/\/yoast.com\/wordpress\/plugins\/seo\/ -->\n<title>donativo como suscriptor - Tienda en Mision de Amor<\/title>\n<meta name=\"robots\" content=\"index, follow, max-snippet:-1, max-image-preview:large, max-video-preview:-1\" \/>\n<link rel=\"canonical\" href=\"https:\/\/misiondeamor.com.mx\/tienda\/producto\/donativo-como-suscriptor\/\" \/>\n<meta property=\"og:locale\" content=\"es_ES\" \/>\n<meta property=\"og:type\" content=\"article\" \/>\n<meta property=\"og:title\" content=\"donativo como suscriptor - Tienda en Mision de Amor\" \/>\n<meta property=\"og:description\" content=\"Ay\u00fadanos a poner el Amor en primer lugar.  Con tu donativo mensual,\u00a0 recibe el bolet\u00edn de Misi\u00f3n de Amor.- \u201cLa palabra\u201d es una gu\u00eda semanal para el desarrollo de la espiritualidad en tu vida  Aprox.: USD$  EUR \u20ac \u00a0\" \/>\n<meta property=\"og:url\" content=\"https:\/\/misiondeamor.com.mx\/tienda\/producto\/donativo-como-suscriptor\/\" \/>\n<meta property=\"og:site_name\" content=\"Tienda en Mision de Amor\" \/>\n<meta property=\"article:publisher\" content=\"https:\/\/www.facebook.com\/tiendademision\" \/>\n<meta property=\"article:modified_time\" content=\"2019-12-06T04:16:20+00:00\" \/>\n<meta property=\"og:image\" content=\"https:\/\/misiondeamor.com.mx\/tienda\/wp-content\/uploads\/2019\/10\/n1-Suscripcion-Mensual-e1575605764775.jpg\" \/>\n\t<meta property=\"og:image:width\" content=\"640\" \/>\n\t<meta property=\"og:image:height\" content=\"640\" \/>\n\t<meta property=\"og:image:type\" content=\"image\/jpeg\" \/>\n<meta name=\"twitter:card\" content=\"summary_large_image\" \/>\n<meta name=\"twitter:site\" content=\"@misiondeamormx2\" \/>\n<!-- \/ Yoast SEO plugin. -->","yoast_head_json":{"title":"donativo como suscriptor - Tienda en Mision de Amor","robots":{"index":"index","follow":"follow","max-snippet":"max-snippet:-1","max-image-preview":"max-image-preview:large","max-video-preview":"max-video-preview:-1"},"canonical":"https:\/\/misiondeamor.com.mx\/tienda\/producto\/donativo-como-suscriptor\/","og_locale":"es_ES","og_type":"article","og_title":"donativo como suscriptor - Tienda en Mision de Amor","og_description":"Ay\u00fadanos a poner el Amor en primer lugar.  Con tu donativo mensual,\u00a0 recibe el bolet\u00edn de Misi\u00f3n de Amor.- \u201cLa palabra\u201d es una gu\u00eda semanal para el desarrollo de la espiritualidad en tu vida  Aprox.: USD$  EUR \u20ac \u00a0","og_url":"https:\/\/misiondeamor.com.mx\/tienda\/producto\/donativo-como-suscriptor\/","og_site_name":"Tienda en Mision de Amor","article_publisher":"https:\/\/www.facebook.com\/tiendademision","article_modified_time":"2019-12-06T04:16:20+00:00","og_image":[{"width":640,"height":640,"url":"https:\/\/misiondeamor.com.mx\/tienda\/wp-content\/uploads\/2019\/10\/n1-Suscripcion-Mensual-e1575605764775.jpg","type":"image\/jpeg"}],"twitter_card":"summary_large_image","twitter_site":"@misiondeamormx2","schema":{"@context":"https:\/\/schema.org","@graph":[{"@type":"WebPage","@id":"https:\/\/misiondeamor.com.mx\/tienda\/producto\/donativo-como-suscriptor\/","url":"https:\/\/misiondeamor.com.mx\/tienda\/producto\/donativo-como-suscriptor\/","name":"donativo como suscriptor - Tienda en Mision de Amor","isPartOf":{"@id":"https:\/\/misiondeamor.com.mx\/tienda\/#website"},"primaryImageOfPage":{"@id":"https:\/\/misiondeamor.com.mx\/tienda\/producto\/donativo-como-suscriptor\/#primaryimage"},"image":{"@id":"https:\/\/misiondeamor.com.mx\/tienda\/producto\/donativo-como-suscriptor\/#primaryimage"},"thumbnailUrl":"https:\/\/misiondeamor.com.mx\/tienda\/wp-content\/uploads\/2019\/10\/n1-Suscripcion-Mensual-e1575605764775.jpg","datePublished":"2019-12-06T01:16:17+00:00","dateModified":"2019-12-06T04:16:20+00:00","breadcrumb":{"@id":"https:\/\/misiondeamor.com.mx\/tienda\/producto\/donativo-como-suscriptor\/#breadcrumb"},"inLanguage":"es","potentialAction":[{"@type":"ReadAction","target":["https:\/\/misiondeamor.com.mx\/tienda\/producto\/donativo-como-suscriptor\/"]}]},{"@type":"ImageObject","inLanguage":"es","@id":"https:\/\/misiondeamor.com.mx\/tienda\/producto\/donativo-como-suscriptor\/#primaryimage","url":"https:\/\/misiondeamor.com.mx\/tienda\/wp-content\/uploads\/2019\/10\/n1-Suscripcion-Mensual-e1575605764775.jpg","contentUrl":"https:\/\/misiondeamor.com.mx\/tienda\/wp-content\/uploads\/2019\/10\/n1-Suscripcion-Mensual-e1575605764775.jpg","width":640,"height":640},{"@type":"BreadcrumbList","@id":"https:\/\/misiondeamor.com.mx\/tienda\/producto\/donativo-como-suscriptor\/#breadcrumb","itemListElement":[{"@type":"ListItem","position":1,"name":"Portada","item":"https:\/\/misiondeamor.com.mx\/tienda\/"},{"@type":"ListItem","position":2,"name":"Publicaciones","item":"https:\/\/misiondeamor.com.mx\/tienda\/"},{"@type":"ListItem","position":3,"name":"donativo como suscriptor"}]},{"@type":"WebSite","@id":"https:\/\/misiondeamor.com.mx\/tienda\/#website","url":"https:\/\/misiondeamor.com.mx\/tienda\/","name":"Tienda en Mision de Amor","description":"Productos y servicios en Misi\u00f3n de Amor","publisher":{"@id":"https:\/\/misiondeamor.com.mx\/tienda\/#organization"},"potentialAction":[{"@type":"SearchAction","target":{"@type":"EntryPoint","urlTemplate":"https:\/\/misiondeamor.com.mx\/tienda\/?s={search_term_string}"},"query-input":{"@type":"PropertyValueSpecification","valueRequired":true,"valueName":"search_term_string"}}],"inLanguage":"es"},{"@type":"Organization","@id":"https:\/\/misiondeamor.com.mx\/tienda\/#organization","name":"Misi\u00f3n de Amor","url":"https:\/\/misiondeamor.com.mx\/tienda\/","logo":{"@type":"ImageObject","inLanguage":"es","@id":"https:\/\/misiondeamor.com.mx\/tienda\/#\/schema\/logo\/image\/","url":"https:\/\/misiondeamor.com.mx\/tienda\/wp-content\/uploads\/2019\/08\/logotienda2019-e1566319984887.png","contentUrl":"https:\/\/misiondeamor.com.mx\/tienda\/wp-content\/uploads\/2019\/08\/logotienda2019-e1566319984887.png","width":150,"height":150,"caption":"Misi\u00f3n de Amor"},"image":{"@id":"https:\/\/misiondeamor.com.mx\/tienda\/#\/schema\/logo\/image\/"},"sameAs":["https:\/\/www.facebook.com\/tiendademision","https:\/\/x.com\/misiondeamormx2","https:\/\/www.youtube.com\/misiondeamormx"]}]}},"amp_enabled":true,"_links":{"self":[{"href":"https:\/\/misiondeamor.com.mx\/tienda\/wp-json\/wp\/v2\/product\/5502","targetHints":{"allow":["GET"]}}],"collection":[{"href":"https:\/\/misiondeamor.com.mx\/tienda\/wp-json\/wp\/v2\/product"}],"about":[{"href":"https:\/\/misiondeamor.com.mx\/tienda\/wp-json\/wp\/v2\/types\/product"}],"replies":[{"embeddable":true,"href":"https:\/\/misiondeamor.com.mx\/tienda\/wp-json\/wp\/v2\/comments?post=5502"}],"wp:featuredmedia":[{"embeddable":true,"href":"https:\/\/misiondeamor.com.mx\/tienda\/wp-json\/wp\/v2\/media\/6675"}],"wp:attachment":[{"href":"https:\/\/misiondeamor.com.mx\/tienda\/wp-json\/wp\/v2\/media?parent=5502"}],"wp:term":[{"taxonomy":"product_brand","embeddable":true,"href":"https:\/\/misiondeamor.com.mx\/tienda\/wp-json\/wp\/v2\/product_brand?post=5502"},{"taxonomy":"product_cat","embeddable":true,"href":"https:\/\/misiondeamor.com.mx\/tienda\/wp-json\/wp\/v2\/product_cat?post=5502"},{"taxonomy":"product_tag","embeddable":true,"href":"https:\/\/misiondeamor.com.mx\/tienda\/wp-json\/wp\/v2\/product_tag?post=5502"}],"curies":[{"name":"wp","href":"https:\/\/api.w.org\/{rel}","templated":true}]}}