{"id":9082,"date":"2023-06-28T23:26:46","date_gmt":"2023-06-29T04:26:46","guid":{"rendered":"https:\/\/misiondeamor.com.mx\/tienda\/?post_type=product&#038;p=9082"},"modified":"2023-06-28T23:52:42","modified_gmt":"2023-06-29T04:52:42","slug":"libro-impreso-de-los-rosarios-meditados-celebracion-de-amor-edicion-buena-prensacopia","status":"publish","type":"product","link":"https:\/\/misiondeamor.com.mx\/tienda\/producto\/libro-impreso-de-los-rosarios-meditados-celebracion-de-amor-edicion-buena-prensacopia\/","title":{"rendered":"Libro Impreso de los rosarios meditados: Celebraci\u00f3n de Amor (para M\u00e9xico)"},"content":{"rendered":"<p><span class=\"a-text-bold\">\u201cDEBAJO DE TU COMPASI\u00d3N, NOS REFUGIAMOS\u201d.\u00a0<\/span>Con estas palabras comienza el himno m\u00e1s antiguo dedicado a la Virgen Mar\u00eda. Y es que la veneraci\u00f3n a la Madre de Dios es tan antigua como la misma Iglesia cat\u00f3lica, que a lo largo de la historia se han desarrollado diversos m\u00e9todos para rendirle culto. Sin embargo, el santo Rosario es la oraci\u00f3n por excelencia para expresar el amor de los fieles a la Madre del Verbo, desde que en 1208 fue revelado a santo Domingo de Guzm\u00e1n.<\/p>\n<p>En este material el autor nos muestra \u2013a trav\u00e9s de trece Rosarios\u2013 las razones por las cuales este rezo se ha convertido en una aut\u00e9ntica escuela de oraci\u00f3n y contemplaci\u00f3n, en un espacio para dialogar con la Virgen Mar\u00eda y expresar nuestros sentimientos de amor y fidelidad, o para encontrar alivio en los momentos de mayor necesidad.<\/p>\n","protected":false},"excerpt":{"rendered":"<p>Libro Impreso con portada en pasta blanda o dura.<\/p>\n<ul>\n<li>Edici\u00f3n de Buena Prensa para M\u00e9xico<\/li>\n<li>Env\u00edo a tu casa<\/li>\n<\/ul>\n","protected":false},"featured_media":9083,"comment_status":"open","ping_status":"closed","template":"","meta":{"om_disable_all_campaigns":false,"_monsterinsights_skip_tracking":false,"_monsterinsights_sitenote_active":false,"_monsterinsights_sitenote_note":"","_monsterinsights_sitenote_category":0,"_uf_show_specific_survey":0,"_uf_disable_surveys":false},"product_brand":[],"product_cat":[49,406,44,42,79],"product_tag":[39,391,296,35,36,37,164],"class_list":{"0":"post-9082","1":"product","2":"type-product","3":"status-publish","4":"has-post-thumbnail","6":"product_cat-rosario","7":"product_cat-impreso","8":"product_cat-libro-digital","9":"product_cat-difuntos","10":"product_cat-pareja","11":"product_tag-publiaciones-difuntos","12":"product_tag-el-santo-rosario","13":"product_tag-fatima-guadalupe","14":"product_tag-grabaciones-meditacion","15":"product_tag-grabaciones-oraciones","16":"product_tag-grabaciones-perdon","17":"product_tag-salud","19":"first","20":"instock","21":"product-type-external"},"wppr_data":{"cwp_meta_box_check":"No"},"yoast_head":"<!-- This site is optimized with the Yoast SEO plugin v26.1.1 - https:\/\/yoast.com\/wordpress\/plugins\/seo\/ -->\n<title>Libro Impreso de los rosarios meditados: Celebraci\u00f3n de Amor (para M\u00e9xico) - Tienda en Mision de Amor<\/title>\n<meta name=\"description\" content=\"El libro de los rosarios meditados, una aut\u00e9ntica escuela de oraci\u00f3n y contemplaci\u00f3n, para para encontrar alivio con la Virgen Mar\u00eda.\" \/>\n<meta name=\"robots\" content=\"index, follow, max-snippet:-1, max-image-preview:large, max-video-preview:-1\" \/>\n<link rel=\"canonical\" href=\"https:\/\/misiondeamor.com.mx\/tienda\/producto\/libro-impreso-de-los-rosarios-meditados-celebracion-de-amor-edicion-buena-prensacopia\/\" \/>\n<meta property=\"og:locale\" content=\"es_ES\" \/>\n<meta property=\"og:type\" content=\"article\" \/>\n<meta property=\"og:title\" content=\"Libro Impreso de los rosarios meditados: Celebraci\u00f3n de Amor (para M\u00e9xico) - Tienda en Mision de Amor\" \/>\n<meta property=\"og:description\" content=\"El libro de los rosarios meditados, una aut\u00e9ntica escuela de oraci\u00f3n y contemplaci\u00f3n, para para encontrar alivio con la Virgen Mar\u00eda.\" \/>\n<meta property=\"og:url\" content=\"https:\/\/misiondeamor.com.mx\/tienda\/producto\/libro-impreso-de-los-rosarios-meditados-celebracion-de-amor-edicion-buena-prensacopia\/\" \/>\n<meta property=\"og:site_name\" content=\"Tienda en Mision de Amor\" \/>\n<meta property=\"article:publisher\" content=\"https:\/\/www.facebook.com\/tiendademision\" \/>\n<meta property=\"article:modified_time\" content=\"2023-06-29T04:52:42+00:00\" \/>\n<meta property=\"og:image\" content=\"https:\/\/misiondeamor.com.mx\/tienda\/wp-content\/uploads\/2023\/06\/1687914908.png\" \/>\n\t<meta property=\"og:image:width\" content=\"2200\" \/>\n\t<meta property=\"og:image:height\" content=\"1250\" \/>\n\t<meta property=\"og:image:type\" content=\"image\/png\" \/>\n<meta name=\"twitter:card\" content=\"summary_large_image\" \/>\n<meta name=\"twitter:site\" content=\"@misiondeamormx2\" \/>\n<meta name=\"twitter:label1\" content=\"Tiempo de lectura\" \/>\n\t<meta name=\"twitter:data1\" content=\"1 minuto\" \/>\n<!-- \/ Yoast SEO plugin. -->","yoast_head_json":{"title":"Libro Impreso de los rosarios meditados: Celebraci\u00f3n de Amor (para M\u00e9xico) - Tienda en Mision de Amor","description":"El libro de los rosarios meditados, una aut\u00e9ntica escuela de oraci\u00f3n y contemplaci\u00f3n, para para encontrar alivio con la Virgen Mar\u00eda.","robots":{"index":"index","follow":"follow","max-snippet":"max-snippet:-1","max-image-preview":"max-image-preview:large","max-video-preview":"max-video-preview:-1"},"canonical":"https:\/\/misiondeamor.com.mx\/tienda\/producto\/libro-impreso-de-los-rosarios-meditados-celebracion-de-amor-edicion-buena-prensacopia\/","og_locale":"es_ES","og_type":"article","og_title":"Libro Impreso de los rosarios meditados: Celebraci\u00f3n de Amor (para M\u00e9xico) - Tienda en Mision de Amor","og_description":"El libro de los rosarios meditados, una aut\u00e9ntica escuela de oraci\u00f3n y contemplaci\u00f3n, para para encontrar alivio con la Virgen Mar\u00eda.","og_url":"https:\/\/misiondeamor.com.mx\/tienda\/producto\/libro-impreso-de-los-rosarios-meditados-celebracion-de-amor-edicion-buena-prensacopia\/","og_site_name":"Tienda en Mision de Amor","article_publisher":"https:\/\/www.facebook.com\/tiendademision","article_modified_time":"2023-06-29T04:52:42+00:00","og_image":[{"width":2200,"height":1250,"url":"https:\/\/misiondeamor.com.mx\/tienda\/wp-content\/uploads\/2023\/06\/1687914908.png","type":"image\/png"}],"twitter_card":"summary_large_image","twitter_site":"@misiondeamormx2","twitter_misc":{"Tiempo de lectura":"1 minuto"},"schema":{"@context":"https:\/\/schema.org","@graph":[{"@type":"WebPage","@id":"https:\/\/misiondeamor.com.mx\/tienda\/producto\/libro-impreso-de-los-rosarios-meditados-celebracion-de-amor-edicion-buena-prensacopia\/","url":"https:\/\/misiondeamor.com.mx\/tienda\/producto\/libro-impreso-de-los-rosarios-meditados-celebracion-de-amor-edicion-buena-prensacopia\/","name":"Libro Impreso de los rosarios meditados: Celebraci\u00f3n de Amor (para M\u00e9xico) - Tienda en Mision de Amor","isPartOf":{"@id":"https:\/\/misiondeamor.com.mx\/tienda\/#website"},"primaryImageOfPage":{"@id":"https:\/\/misiondeamor.com.mx\/tienda\/producto\/libro-impreso-de-los-rosarios-meditados-celebracion-de-amor-edicion-buena-prensacopia\/#primaryimage"},"image":{"@id":"https:\/\/misiondeamor.com.mx\/tienda\/producto\/libro-impreso-de-los-rosarios-meditados-celebracion-de-amor-edicion-buena-prensacopia\/#primaryimage"},"thumbnailUrl":"https:\/\/misiondeamor.com.mx\/tienda\/wp-content\/uploads\/2023\/06\/1687914908.png","datePublished":"2023-06-29T04:26:46+00:00","dateModified":"2023-06-29T04:52:42+00:00","description":"El libro de los rosarios meditados, una aut\u00e9ntica escuela de oraci\u00f3n y contemplaci\u00f3n, para para encontrar alivio con la Virgen Mar\u00eda.","breadcrumb":{"@id":"https:\/\/misiondeamor.com.mx\/tienda\/producto\/libro-impreso-de-los-rosarios-meditados-celebracion-de-amor-edicion-buena-prensacopia\/#breadcrumb"},"inLanguage":"es","potentialAction":[{"@type":"ReadAction","target":["https:\/\/misiondeamor.com.mx\/tienda\/producto\/libro-impreso-de-los-rosarios-meditados-celebracion-de-amor-edicion-buena-prensacopia\/"]}]},{"@type":"ImageObject","inLanguage":"es","@id":"https:\/\/misiondeamor.com.mx\/tienda\/producto\/libro-impreso-de-los-rosarios-meditados-celebracion-de-amor-edicion-buena-prensacopia\/#primaryimage","url":"https:\/\/misiondeamor.com.mx\/tienda\/wp-content\/uploads\/2023\/06\/1687914908.png","contentUrl":"https:\/\/misiondeamor.com.mx\/tienda\/wp-content\/uploads\/2023\/06\/1687914908.png","width":2200,"height":1250},{"@type":"BreadcrumbList","@id":"https:\/\/misiondeamor.com.mx\/tienda\/producto\/libro-impreso-de-los-rosarios-meditados-celebracion-de-amor-edicion-buena-prensacopia\/#breadcrumb","itemListElement":[{"@type":"ListItem","position":1,"name":"Portada","item":"https:\/\/misiondeamor.com.mx\/tienda\/"},{"@type":"ListItem","position":2,"name":"Publicaciones","item":"https:\/\/misiondeamor.com.mx\/tienda\/"},{"@type":"ListItem","position":3,"name":"Libro Impreso de los rosarios meditados: Celebraci\u00f3n de Amor (para M\u00e9xico)"}]},{"@type":"WebSite","@id":"https:\/\/misiondeamor.com.mx\/tienda\/#website","url":"https:\/\/misiondeamor.com.mx\/tienda\/","name":"Tienda en Mision de Amor","description":"Productos y servicios en Misi\u00f3n de Amor","publisher":{"@id":"https:\/\/misiondeamor.com.mx\/tienda\/#organization"},"potentialAction":[{"@type":"SearchAction","target":{"@type":"EntryPoint","urlTemplate":"https:\/\/misiondeamor.com.mx\/tienda\/?s={search_term_string}"},"query-input":{"@type":"PropertyValueSpecification","valueRequired":true,"valueName":"search_term_string"}}],"inLanguage":"es"},{"@type":"Organization","@id":"https:\/\/misiondeamor.com.mx\/tienda\/#organization","name":"Misi\u00f3n de Amor","url":"https:\/\/misiondeamor.com.mx\/tienda\/","logo":{"@type":"ImageObject","inLanguage":"es","@id":"https:\/\/misiondeamor.com.mx\/tienda\/#\/schema\/logo\/image\/","url":"https:\/\/misiondeamor.com.mx\/tienda\/wp-content\/uploads\/2019\/08\/logotienda2019-e1566319984887.png","contentUrl":"https:\/\/misiondeamor.com.mx\/tienda\/wp-content\/uploads\/2019\/08\/logotienda2019-e1566319984887.png","width":150,"height":150,"caption":"Misi\u00f3n de Amor"},"image":{"@id":"https:\/\/misiondeamor.com.mx\/tienda\/#\/schema\/logo\/image\/"},"sameAs":["https:\/\/www.facebook.com\/tiendademision","https:\/\/x.com\/misiondeamormx2","https:\/\/www.youtube.com\/misiondeamormx"]}]}},"amp_enabled":true,"_links":{"self":[{"href":"https:\/\/misiondeamor.com.mx\/tienda\/wp-json\/wp\/v2\/product\/9082","targetHints":{"allow":["GET"]}}],"collection":[{"href":"https:\/\/misiondeamor.com.mx\/tienda\/wp-json\/wp\/v2\/product"}],"about":[{"href":"https:\/\/misiondeamor.com.mx\/tienda\/wp-json\/wp\/v2\/types\/product"}],"replies":[{"embeddable":true,"href":"https:\/\/misiondeamor.com.mx\/tienda\/wp-json\/wp\/v2\/comments?post=9082"}],"wp:featuredmedia":[{"embeddable":true,"href":"https:\/\/misiondeamor.com.mx\/tienda\/wp-json\/wp\/v2\/media\/9083"}],"wp:attachment":[{"href":"https:\/\/misiondeamor.com.mx\/tienda\/wp-json\/wp\/v2\/media?parent=9082"}],"wp:term":[{"taxonomy":"product_brand","embeddable":true,"href":"https:\/\/misiondeamor.com.mx\/tienda\/wp-json\/wp\/v2\/product_brand?post=9082"},{"taxonomy":"product_cat","embeddable":true,"href":"https:\/\/misiondeamor.com.mx\/tienda\/wp-json\/wp\/v2\/product_cat?post=9082"},{"taxonomy":"product_tag","embeddable":true,"href":"https:\/\/misiondeamor.com.mx\/tienda\/wp-json\/wp\/v2\/product_tag?post=9082"}],"curies":[{"name":"wp","href":"https:\/\/api.w.org\/{rel}","templated":true}]}}